{"id":161,"date":"2011-07-20T08:23:16","date_gmt":"2011-07-20T08:23:16","guid":{"rendered":"http:\/\/www.turkishostel.com\/?page_id=161"},"modified":"2019-05-28T08:36:49","modified_gmt":"2019-05-28T08:36:49","slug":"iletisim","status":"publish","type":"page","link":"http:\/\/www.turkishostel.com\/?page_id=161","title":{"rendered":"\u0130leti\u015fim"},"content":{"rendered":"<p style=\"text-align: center;\"><strong>E-posta: info@turkishostel.com<\/strong><\/p>\n<p style=\"text-align: center;\"><b><span style=\"color: #b00000;\">\u00a0<\/span><\/b><\/p>\n<p style=\"text-align: center;\"><small><a style=\"color: #0000ff; text-align: left;\" href=\"http:\/\/maps.google.com\/?ie=UTF8&amp;ll=41.021517,28.978372&amp;spn=0.018326,0.042272&amp;z=15&amp;source=embed\">Daha B\u00fcy\u00fck G\u00f6r\u00fcnt\u00fcle<\/a><\/small><\/p>\n","protected":false},"excerpt":{"rendered":"<p>E-posta: info@turkishostel.com \u00a0 Daha B\u00fcy\u00fck G\u00f6r\u00fcnt\u00fcle<\/p>\n","protected":false},"author":1,"featured_media":0,"parent":42,"menu_order":11,"comment_status":"open","ping_status":"open","template":"onecolumn-page.php","meta":[],"yoast_head":"<!-- This site is optimized with the Yoast SEO plugin v18.3 - https:\/\/yoast.com\/wordpress\/plugins\/seo\/ -->\n<title>\u0130leti\u015fim - Turkish Hostel<\/title>\n<meta name=\"robots\" content=\"index, follow, max-snippet:-1, max-image-preview:large, max-video-preview:-1\" \/>\n<link rel=\"canonical\" href=\"https:\/\/www.turkishostel.com\/?page_id=161\" \/>\n<meta property=\"og:locale\" content=\"tr_TR\" \/>\n<meta property=\"og:type\" content=\"article\" \/>\n<meta property=\"og:title\" content=\"\u0130leti\u015fim - Turkish Hostel\" \/>\n<meta property=\"og:description\" content=\"E-posta: info@turkishostel.com \u00a0 Daha B\u00fcy\u00fck G\u00f6r\u00fcnt\u00fcle\" \/>\n<meta property=\"og:url\" content=\"https:\/\/www.turkishostel.com\/?page_id=161\" \/>\n<meta property=\"og:site_name\" content=\"Turkish Hostel\" \/>\n<meta property=\"article:modified_time\" content=\"2019-05-28T08:36:49+00:00\" \/>\n<meta name=\"twitter:card\" content=\"summary_large_image\" \/>\n<script type=\"application\/ld+json\" class=\"yoast-schema-graph\">{\"@context\":\"https:\/\/schema.org\",\"@graph\":[{\"@type\":\"WebSite\",\"@id\":\"http:\/\/www.turkishostel.com\/#website\",\"url\":\"http:\/\/www.turkishostel.com\/\",\"name\":\"Turkish Hostel\",\"description\":\"The Cheapest Hostel in Istanbul\",\"potentialAction\":[{\"@type\":\"SearchAction\",\"target\":{\"@type\":\"EntryPoint\",\"urlTemplate\":\"http:\/\/www.turkishostel.com\/?s={search_term_string}\"},\"query-input\":\"required name=search_term_string\"}],\"inLanguage\":\"tr\"},{\"@type\":\"WebPage\",\"@id\":\"https:\/\/www.turkishostel.com\/?page_id=161#webpage\",\"url\":\"https:\/\/www.turkishostel.com\/?page_id=161\",\"name\":\"\u0130leti\u015fim - Turkish Hostel\",\"isPartOf\":{\"@id\":\"http:\/\/www.turkishostel.com\/#website\"},\"datePublished\":\"2011-07-20T08:23:16+00:00\",\"dateModified\":\"2019-05-28T08:36:49+00:00\",\"breadcrumb\":{\"@id\":\"https:\/\/www.turkishostel.com\/?page_id=161#breadcrumb\"},\"inLanguage\":\"tr\",\"potentialAction\":[{\"@type\":\"ReadAction\",\"target\":[\"https:\/\/www.turkishostel.com\/?page_id=161\"]}]},{\"@type\":\"BreadcrumbList\",\"@id\":\"https:\/\/www.turkishostel.com\/?page_id=161#breadcrumb\",\"itemListElement\":[{\"@type\":\"ListItem\",\"position\":1,\"name\":\"Anasayfa\",\"item\":\"http:\/\/www.turkishostel.com\/\"},{\"@type\":\"ListItem\",\"position\":2,\"name\":\"T\u00fcrk\u00e7e\",\"item\":\"https:\/\/www.turkishostel.com\/?page_id=42\"},{\"@type\":\"ListItem\",\"position\":3,\"name\":\"\u0130leti\u015fim\"}]}]}<\/script>\n<!-- \/ Yoast SEO plugin. -->","yoast_head_json":{"title":"\u0130leti\u015fim - Turkish Hostel","robots":{"index":"index","follow":"follow","max-snippet":"max-snippet:-1","max-image-preview":"max-image-preview:large","max-video-preview":"max-video-preview:-1"},"canonical":"https:\/\/www.turkishostel.com\/?page_id=161","og_locale":"tr_TR","og_type":"article","og_title":"\u0130leti\u015fim - Turkish Hostel","og_description":"E-posta: info@turkishostel.com \u00a0 Daha B\u00fcy\u00fck G\u00f6r\u00fcnt\u00fcle","og_url":"https:\/\/www.turkishostel.com\/?page_id=161","og_site_name":"Turkish Hostel","article_modified_time":"2019-05-28T08:36:49+00:00","twitter_card":"summary_large_image","schema":{"@context":"https:\/\/schema.org","@graph":[{"@type":"WebSite","@id":"http:\/\/www.turkishostel.com\/#website","url":"http:\/\/www.turkishostel.com\/","name":"Turkish Hostel","description":"The Cheapest Hostel in Istanbul","potentialAction":[{"@type":"SearchAction","target":{"@type":"EntryPoint","urlTemplate":"http:\/\/www.turkishostel.com\/?s={search_term_string}"},"query-input":"required name=search_term_string"}],"inLanguage":"tr"},{"@type":"WebPage","@id":"https:\/\/www.turkishostel.com\/?page_id=161#webpage","url":"https:\/\/www.turkishostel.com\/?page_id=161","name":"\u0130leti\u015fim - Turkish Hostel","isPartOf":{"@id":"http:\/\/www.turkishostel.com\/#website"},"datePublished":"2011-07-20T08:23:16+00:00","dateModified":"2019-05-28T08:36:49+00:00","breadcrumb":{"@id":"https:\/\/www.turkishostel.com\/?page_id=161#breadcrumb"},"inLanguage":"tr","potentialAction":[{"@type":"ReadAction","target":["https:\/\/www.turkishostel.com\/?page_id=161"]}]},{"@type":"BreadcrumbList","@id":"https:\/\/www.turkishostel.com\/?page_id=161#breadcrumb","itemListElement":[{"@type":"ListItem","position":1,"name":"Anasayfa","item":"http:\/\/www.turkishostel.com\/"},{"@type":"ListItem","position":2,"name":"T\u00fcrk\u00e7e","item":"https:\/\/www.turkishostel.com\/?page_id=42"},{"@type":"ListItem","position":3,"name":"\u0130leti\u015fim"}]}]}},"_links":{"self":[{"href":"http:\/\/www.turkishostel.com\/index.php?rest_route=\/wp\/v2\/pages\/161"}],"collection":[{"href":"http:\/\/www.turkishostel.com\/index.php?rest_route=\/wp\/v2\/pages"}],"about":[{"href":"http:\/\/www.turkishostel.com\/index.php?rest_route=\/wp\/v2\/types\/page"}],"author":[{"embeddable":true,"href":"http:\/\/www.turkishostel.com\/index.php?rest_route=\/wp\/v2\/users\/1"}],"replies":[{"embeddable":true,"href":"http:\/\/www.turkishostel.com\/index.php?rest_route=%2Fwp%2Fv2%2Fcomments&post=161"}],"version-history":[{"count":11,"href":"http:\/\/www.turkishostel.com\/index.php?rest_route=\/wp\/v2\/pages\/161\/revisions"}],"predecessor-version":[{"id":235,"href":"http:\/\/www.turkishostel.com\/index.php?rest_route=\/wp\/v2\/pages\/161\/revisions\/235"}],"up":[{"embeddable":true,"href":"http:\/\/www.turkishostel.com\/index.php?rest_route=\/wp\/v2\/pages\/42"}],"wp:attachment":[{"href":"http:\/\/www.turkishostel.com\/index.php?rest_route=%2Fwp%2Fv2%2Fmedia&parent=161"}],"curies":[{"name":"wp","href":"https:\/\/api.w.org\/{rel}","templated":true}]}}